{"id":8,"date":"2017-04-25T12:21:35","date_gmt":"2017-04-25T10:21:35","guid":{"rendered":"https:\/\/bonagro.eu\/?page_id=8"},"modified":"2026-04-15T11:21:50","modified_gmt":"2026-04-15T09:21:50","slug":"about-2","status":"publish","type":"page","link":"https:\/\/zphvezdlice.cz\/index.php\/about-2\/","title":{"rendered":"O n\u00e1s"},"content":{"rendered":"<p class=\"p1\">ZP Hv\u011bzdlice, a.s. hospoda\u0159\u00ed v katastrech obc\u00ed Nov\u00e9 Hv\u011bzdlice, Star\u00e9 Hv\u011bzdlice, Chvalkovice, Nemochovice, Uh\u0159ice, Nitkovice, Dobro\u010dkovice, Kunkovice, Brankovice, N\u00edtkovice a Milonice na cca 1.295 ha zem\u011bd\u011blsk\u00e9 p\u016fdy. Z toho pastviny a trvale travn\u00ed porost tvo\u0159\u00ed cca 34 ha. Zab\u00fdv\u00e1 se v\u00fdrobou (p\u011bstov\u00e1n\u00edm) tr\u017en\u00edch plodin a souvisej\u00edc\u00edmi \u010dinnostmi \u2013 opravou stroj\u016f, silni\u010dn\u00ed motorovou dopravou apod.<\/p>\n<p class=\"p1\">ZP Hv\u011bzdlice, a.s. vznikl v roce 1996 transformac\u00ed ze st\u00e1vaj\u00edc\u00edho ZD Hv\u011bzdlice.<\/p>\n<p class=\"p1\">Podnik se zab\u00fdval zem\u011bd\u011blskou prvov\u00fdrobou v oblasti rostlinn\u00e9 a \u017eivo\u010di\u0161n\u00e9 v\u00fdroby.<\/p>\n<p class=\"p1\">Z \u017eivo\u010di\u0161n\u00e9 v\u00fdroby to byl chov kon\u00ed, chov prasat a p\u0159edev\u0161\u00edm chov \u010dernostrakat\u00e9ho skotu na produkci ml\u00e9ka.<\/p>\n<p class=\"p1\">Rostlinn\u00e1 v\u00fdroba zabezpe\u010dovala krmiva pro vlastn\u00ed zv\u00ed\u0159ata, p\u0159edev\u0161\u00edm sil\u00e1\u017en\u00ed kuku\u0159ici, vojt\u011b\u0161ku setou, krmnou p\u0161enice apod. a v\u00fdrobu (p\u011bstov\u00e1n\u00ed) tr\u017en\u00edch plodin zejm\u00e9na sladovnick\u00fd je\u010dmen, potravin\u00e1\u0159skou p\u0161enice, \u0159epku olejku a okrajov\u011b m\u00e1k set\u00fd, slune\u010dnice ro\u010dn\u00ed, oves set\u00fd aj.<\/p>\n<p class=\"p1\">Zem\u011bd\u011blsk\u00fd podnik mimo to podnikal v oblastech, kter\u00e9 s jeho hlavn\u00ed \u010dinnost\u00ed \u00fazce souvis\u00ed a to nap\u0159\u00edklad: kov\u00e1\u0159stv\u00ed, v\u00fdrob\u011b a oprav zem\u011bd\u011blsk\u00fdch stroj\u016f, nakl\u00e1dac\u00edch a zemn\u00edch prac\u00ed a prac\u00ed zem\u011bd\u011blsk\u00fdmi stroji, oprav silni\u010dn\u00edch vozidel, silni\u010dn\u00ed motorov\u00e9 doprav\u011b a dal\u0161\u00edch.<\/p>\n<p class=\"p1\">V roce 2011 musel b\u00fdt z ekonomick\u00fdch d\u016fvod\u016f ukon\u010den chov prasat, v roce 2013 pak chov skotu a v roce 2015 byl p\u0159eveden chov kon\u00ed na spole\u010dnost obchodn\u00edho partnera.<\/p>\n<p class=\"p1\">Od roku 2018 ZP Hv\u011bzdlice, a.s. hospoda\u0159\u00ed v katastrech obc\u00ed Nov\u00e9 Hv\u011bzdlice, Star\u00e9 Hv\u011bzdlice, Chvalkovice, Nemochovice, Uh\u0159ice, Nitkovice, Dobro\u010dkovice, Kunkovice, Brankovice, N\u00edtkovice a Milonice na cca 1.295 ha zem\u011bd\u011blsk\u00e9 p\u016fdy z toho pastviny a trvale travn\u00ed porost tvo\u0159\u00ed cca 34 ha. Zab\u00fdv\u00e1 se v\u00fdrobou (p\u011bstov\u00e1n\u00edm) tr\u017en\u00edch plodin a okrajov\u011b \u010dinnostmi s t\u00edmto souvisej\u00edc\u00edmi \u2013 opravou stroj\u016f, silni\u010dn\u00ed motorovou dopravou apod. Hospoda\u0159\u00ed na t\u0159ech st\u0159edisc\u00edch a to:<\/p>\n<ul class=\"ul1\">\n<li class=\"li1\">st\u0159edisko Chvalkovice \u2013 aministrativa, mechanizace, poskliz\u0148ov\u00e1 linka, sklady<\/li>\n<li class=\"li1\">st\u0159edisko Nov\u00e9 Hv\u011bzdlice \u2013 poskliz\u0148ov\u00e1 linka, sklady<\/li>\n<li class=\"li1\">st\u0159edisko Nemochovice \u2013 poskliz\u0148ov\u00e1 linka, sklady (nemovitosti jsou pronajaty obci Nemochovice)<\/li>\n<\/ul>\n<p>V roce 2025 koupila spole\u010dnost ZP Hv\u011bzdlice BONAGRO, a.s.<\/p>\n","protected":false},"excerpt":{"rendered":"<p>ZP Hv\u011bzdlice, a.s. hospoda\u0159\u00ed v katastrech obc\u00ed Nov\u00e9 Hv\u011bzdlice, Star\u00e9 Hv\u011bzdlice, Chvalkovice, Nemochovice, Uh\u0159ice, Nitkovice, Dobro\u010dkovice, Kunkovice, Brankovice, N\u00edtkovice a Milonice na cca 1.295 ha zem\u011bd\u011blsk\u00e9 p\u016fdy. Z toho pastviny a trvale travn\u00ed porost tvo\u0159\u00ed cca 34 ha. Zab\u00fdv\u00e1 se v\u00fdrobou (p\u011bstov\u00e1n\u00edm) tr\u017en\u00edch plodin a souvisej\u00edc\u00edmi \u010dinnostmi \u2013 opravou stroj\u016f,&#8230;<\/p>\n","protected":false},"author":1,"featured_media":0,"parent":0,"menu_order":0,"comment_status":"closed","ping_status":"closed","template":"","meta":{"footnotes":""},"class_list":["post-8","page","type-page","status-publish","hentry"],"_links":{"self":[{"href":"https:\/\/zphvezdlice.cz\/index.php\/wp-json\/wp\/v2\/pages\/8","targetHints":{"allow":["GET"]}}],"collection":[{"href":"https:\/\/zphvezdlice.cz\/index.php\/wp-json\/wp\/v2\/pages"}],"about":[{"href":"https:\/\/zphvezdlice.cz\/index.php\/wp-json\/wp\/v2\/types\/page"}],"author":[{"embeddable":true,"href":"https:\/\/zphvezdlice.cz\/index.php\/wp-json\/wp\/v2\/users\/1"}],"replies":[{"embeddable":true,"href":"https:\/\/zphvezdlice.cz\/index.php\/wp-json\/wp\/v2\/comments?post=8"}],"version-history":[{"count":6,"href":"https:\/\/zphvezdlice.cz\/index.php\/wp-json\/wp\/v2\/pages\/8\/revisions"}],"predecessor-version":[{"id":846,"href":"https:\/\/zphvezdlice.cz\/index.php\/wp-json\/wp\/v2\/pages\/8\/revisions\/846"}],"wp:attachment":[{"href":"https:\/\/zphvezdlice.cz\/index.php\/wp-json\/wp\/v2\/media?parent=8"}],"curies":[{"name":"wp","href":"https:\/\/api.w.org\/{rel}","templated":true}]}}